u**2 + 21*u - 6. Suppose 0 = d + o - 10, d + d + o = 20. Give f(d).
4
Let x(s) = 3*s**2 - 2*s - 1. Suppose 3*i - 472 = -466. What is x(i)?
7
Let q(n) = -4*n - 30. Let f(p) = -2*p - 17. Let i be f(-5). Let j be q(i). Let o(y) = y**3 + 3*y**2 + 2*y - 1. What is o(j)?
-1
Let j(a) = 34 - 81 + 4*a + 86. Give j(-12).
-9
Suppose -3*k - 4*c = -61, 4*c + 2 = 18. Suppose 2*d + d + k = 0. Let m(g) = -g**3 - 3*g**2 + 7*g - 2. Calculate m(d).
13
Let b be 3/(3/(-4)) + -51 + 71. Suppose b*z = -4*z + 40. Let x(f) = f**3 - 2*f**2. What is x(z)?
0
Let y(m) = -9*m**2 - 12*m - 27. Let h(d) = 5*d**2 + 6*d + 15. Let f(s) = 7*h(s) + 4*y(s). Suppose 5 + 1 = 2*z. Suppose z*k + 18 = -0. Determine f(k).
-3
Suppose -7*q - 28 = 14. Let s(j) = -4*j + 10. Let g(h) = 8*h - 19. Let d(p) = q*g(p) - 11*s(p). Calculate d(3).
-8
Suppose -3*r = -5*s + 17, -s + 5*r + 3 = 4*r. Suppose 0 = s*m - 4*q - q - 33, -m - 2*q + 5 = 0. Let j(u) = u**3 - 7*u**2 + 6. Calculate j(m).
6
Let s(v) be the third derivative of -1/15*v**5 + 0*v + 5/24*v**4 + 4*v**2 + 0 - 1/120*v**6 + 1/3*v**3. Suppose -a = 10 - 5. Calculate s(a).
2
Let y(k) be the third derivative of -k**5/60 - 4*k**2. Let w(r) = -r**3 + 3*r**2 - 3*r - 3. Let b(m) = w(m) + 3*y(m). Calculate b(-2).
11
Suppose 4*m + 30 = 5*z, -9*m + 11*m = 4*z - 18. Let v = 11 + -7. Let h(a) = -a**z - v*a**2 + 5 - 4*a + 6*a**2. Determine h(4).
5
Let u(w) be the first derivative of -w**3/3 - w**2 - 5*w + 20. Let k be 5*(0 + (-4)/5). Give u(k).
-13
Let t(l) = l**2 - 3*l - 4. Let x(q) = 2*q**3 + 2*q - 9*q**3 + 6*q**3 - 2*q**2 + 4. Let j be x(-2). Let a be (j/3)/1 + 4. What is t(a)?
0
Let k(t) = -9*t + 3. Suppose -21*d + 14 = -14*d. What is k(d)?
-15
Let b(s) = -3*s**3 - 4*s**2 - s. Let o(y) = -13*y**3 - 17*y**2 - 4*y - 1. Let t(p) = 9*b(p) - 2*o(p). Determine t(1).
-2
Let h(i) = 2*i. Let u be 2/10 - (-28)/35. Let v be 13 - 4/(-4) - u. Let q(f) = -f. Let y(w) = v*q(w) + 6*h(w). Give y(3).
-3
Let u(b) = -b**3 + 6*b**2 - 11*b + 2. Suppose -6*i = -1201 + 1183. What is u(i)?
-4
Let o(a) = -5*a**2 - 10*a + 7. Let i(j) = 3*j**2 - j - 1. Let b(t) = -2*i(t) - o(t). What is b(12)?
-5
Let b be (-12 - -11) + (-8)/(-2). Suppose -x - b*k + 5 = 23, -3*k - 27 = 4*x. Let g(u) = -u**2 - 4*u - 4. Give g(x).
-1
Let i = -11 - -14. Let u(r) be the first derivative of r - 5*r - r**2 - 4 + 3 - i*r. Give u(-5).
3
Let v(p) = p. Suppose -s + 1 + 1 = 0. Suppose -s*m + 7*m - 13 = -4*w, w = 4*m - 2. Determine v(w).
2
Let m(i) = i**2 - 2*i - 1. Let q be m(2). Let a be (10/2 + -5)*1. Let r(p) = 4*p**3 + a*p**3 - 1 + 26*p - 28*p - 6*p**2 + 5*p**2. Give r(q).
-4
Suppose 2*y + 3*j = j + 4, 4*y + 3*j - 13 = 0. Let a(p) = 4*p**2 - p**3 - 3 - 2*p + y*p - 2. Suppose 0 = -6*w + 9*w - 15. Give a(w).
-5
Let t(d) = d**3 - 3*d**2 + 2*d + 2. Let m = -14 + 21. Suppose m*u = 2*u - 110. Let k = -19 - u. Give t(k).
8
Let w(z) = -z + 3. Suppose -15*s + 13*s = -104. Let b = s + -45. Determine w(b).
-4
Let n(k) = -k**3 + 11*k**2 - 15*k + 11. Let u = -378 + 388. What is n(u)?
-39
Let g(f) = 5*f - 7. Let h(d) = -5 - 2 + 3 + 3 + d. Let k(i) = -i**2 - 5*i + 2. Let m be k(-6). Let p(c) = m*h(c) + g(c). Give p(-3).
-6
Let c(i) = i**2 + 5*i - 7. Let k be (36/48)/(1*(-2)/16). What is c(k)?
-1
Let u(o) = 647*o - 1292*o + 52 + 653*o. What is u(-6)?
4
Let h(q) = -2*q + 2774 - 5540 + 2773 + q. What is h(-8)?
15
Let s(j) = j + 21*j**2 - 14*j**2 + 1941 - 1941. Determine s(-3).
60
Let m(g) be the third derivative of g**4/24 + g**3/6 + 5*g**2. Let p(q) = 13*q**2 - 5*q - 6. Let t(r) = 6*m(r) + p(r). Suppose 9*z = 25*z + 16. Calculate t(z).
12
Let j(x) = -6*x**2 - x. Let c = 42 + -41. Suppose -c + 4 = -3*r. What is j(r)?
-5
Let p(s) = 129 - 33 - 35 - 3*s - 32 - 31. Suppose 4*w + 4 = 28. Calculate p(w).
-20
Let g(z) be the first derivative of z**4/4 - z**2/2 + 20*z - 152. Give g(0).
20
Suppose -2*z = y - 3*z - 8, 0 = 3*z + 15. Let c(u) = -y*u + 0*u + 6*u - u**2 - 3 + u. Determine c(5).
-8
Let g(b) = -274*b**2 + 1 + 542*b**2 - 266*b**2 - b**3 + 5*b - 4. Let u = -2 + 4. Let a = u + 1. What is g(a)?
3
Let t(q) = q**2 + 10*q + 8. Suppose 150 = 58*c - 53*c. Suppose 0 = 3*o + o + 2*i + c, -5*o + i = 27. Calculate t(o).
-16
Let j = 21 + -28. Let u = j - -3. Let i(a) = 1. Let k(m) = m - 1. Let r(f) = i(f) + k(f). Calculate r(u).
-4
Let l(k) = k**2 - 5. Let j(s) = 3*s**2 - s - 11. Let n(f) = -2*j(f) + 5*l(f). Suppose -5*b - 10 = 5*g - 30, -g = 4*b - 4. What is n(g)?
-11
Let v(m) = m**3 + 9*m**2 + m - 7. Let j(k) = -k**2 + 1. Suppose 1 = 3*t + 4. Let b be -3 + (3 - 9/3). Let d(y) = b*j(y) + t*v(y). Calculate d(-5).
-16
Suppose -8*i + 25 + 23 = 0. Let h(a) = 2*a - 13. Calculate h(i).
-1
Let i = 1 + -3. Let v(l) = l**2 + 12*l + 5. Let t(u) = -u**2 - 11*u - 5. Let w(m) = i*v(m) - 3*t(m). Calculate w(-9).
5
Suppose 3*f = -s + 15, 5*s = s - 3*f + 33. Let x(d) = d**3 - 6*d**2. Let n be x(s). Let p(u) = -26 - u + 2*u + 22. Calculate p(n).
-4
Let v(w) = -3*w - 7. Let q = 15 + -12. Let r be q/9 - (-35)/21. Suppose -r*i + 0*i = 12. Calculate v(i).
11
Let l(m) = 4*m + 1. Let z(s) = 7*s + 2. Let v(g) = 5*l(g) - 3*z(g). Let o(w) = -9*w**3 - 90*w**2 + w + 17. Let p be o(-10). What is v(p)?
-8
Let t(g) = -11*g + 17*g - 13*g. Give t(-4).
28
Suppose -14 = -4*d - y - 0, 28 = 5*d - 4*y. Let n be (2/d*-2)/(-1). Let p(r) = r + n - 1 + 1 + 9*r**2. What is p(-1)?
9
Let u(r) = 2*r**2 - 20*r - 17. Let z be u(13). Let v = 66 - z. Let f(i) = -2*i + 5. Determine f(v).
-5
Let x(z) = 15*z**2 - 365 + z**3 + 361 + 2*z**2 - z - 4*z**2. What is x(-13)?
9
Let i(y) = -14*y**3 - y**2 + y + 1. Let f = 58 + -22. Suppose -f*s + 3 = -39*s. What is i(s)?
13
Suppose 4*n - n - 30 = 0. Suppose -q - n = 2*a - 4, -4*q - 18 = 2*a. Let s be ((-6)/q)/(12/8). Let u(b) = 7*b - 1. Give u(s).
6
Let a = 53 - 50. Let f(s) = s**2 - 2. Let j(p) = -5*p - p**2 + 12*p + 1 - 6*p. Let b(x) = f(x) + 2*j(x). Calculate b(a).
-3
Let k(j) = -4*j + 2. Suppose 2*x + 3*x = -3*u - 114, -5*x - 5*u = 120. Let s = -19 - x. Give k(s).
-6
Let r(u) = u**3 - 4*u**2 - 3*u + 9. Let m be r(4). Let b(y) = -y**2 + y - 3. Let i be b(0). Let v = m - i. Let d(q) = -q + 4. Calculate d(v).
4
Suppose -7*s - 12 = -26. Let l(d) = 3*d**2 + d + 1. Calculate l(s).
15
Suppose 8 = -z + 4*q + 7, 0 = -5*z + 3*q - 39. Let c(o) = o**3 + 7*o**2 - 10*o + 2. Calculate c(z).
-70
Let b(r) = 11 + 1 - 6 + 0 - 18 - 4*r. Give b(-5).
8
Let q(y) = y**3 + 7*y**2 - y - 10. Suppose 2*l - 13 = -3*o, -5*l + 2*o + 13 + 10 = 0. Suppose -l*z + 74 = 9. Let b be z/26*(-15 + 1). Give q(b).
-3
Let v = 14 - 12. Suppose 0 = -2*h + 2*x - v, h = 4*h - x - 1. Let c(d) = 1 + 2 + d**2 + 5*d**3 - 2*d**2 - 2. Calculate c(h).
5
Let b be 7/2 - (-1 + 6/4). Let l(g) be the first derivative of g**2/2 - 6*g + 6. Determine l(b).
-3
Let n(i) = 2*i - 16. Suppose -775 + 739 = -3*x. What is n(x)?
8
Let y(d) = d**3 + 5*d**2 - 1. Let l be y(-2). Let r(o) = -2*o + 11*o + o**2 - o**3 - l*o - 2. What is r(-2)?
14
Let q(y) be the third derivative of y**8/6720 - y**7/840 - y**6/180 + y**5/24 + y**4/6 - 8*y**2. Let z(g) be the second derivative of q(g). Determine z(4).
5
Suppose 4*k - 2 + 6 = 0. Let a(j) = -10*j - 11*j**2 + 2*j + 9*j. Calculate a(k).
-12
Let z(u) be the third derivative of -u**5/60 - u**4/12 + 2*u**3 + 421*u**2. Determine z(6).
-36
Let d be (-38)/9 - 2/(-9) - -1. Let l(k) = -k**3 - 4*k**2 + k + 1. What is l(d)?
-11
Let i(v) = -v**3 + 5*v**2 + 4*v + 7. Let x be i(6). Let p(n) be the second derivative of 0 - 1/2*n**2 - 27*n + 1/6*n**3. What is p(x)?
-6
Let z(f) = -2*f**2 - 3*f - 1. Let s be (-49)/(-98) + (-27)/6. Give z(s).
-21
Let n(j) be the first derivative of 5 + 1/2*j**2 + 0*j**3 - 1/12*j**4 - j. Let i(z) be the first derivative of n(z). What is i(-1)?
0
Let c = -12 - -18. Let m(d) = -d**3 - d**2 - d - 1. Let k(p) = 4*p**3 + 12*p**2 + 2. Let o(w) = -k(w) - 5*m(w). Determine o(c).
-3
Let v(y) = -2 + 6*y**2 - 15*y**2 + 2. Let n(i) = -i**2 + 30*i - 57. Let c be n(28). What is v(c)?
-9
Let t(y) = -10 + 3*y**3 - y + 5*y**3 - 7*y**3 - y**2. Suppose 5*j = 4*j. Suppose 5*l + j*l = 0. What is t(l)?
-10
Let u(d) = d**3 + 12*d**2 + d + 12. Let y be u(-12). Suppose 5*l + 1 = -4*g - y, -5*g + 4*l + 50 = 0. Let q(n) = -n + 11. Give q(g).
5
Let g be 1/((-120)/(-56) - 2). Let a(c) = -c**3 + 8*c**2 - 8*c + 9. Give a(g).
2
Let j(o) = 5 + 34*o + 7 - 108*o + 36*o + 36*o. What is j